*p. Suppose 3910 = 12*y - p*y. Is y a composite number?
True
Is 6/(-9)*16469550/(-60) a prime number?
False
Suppose 11*k - 16*k + 152275 = -5*d, -30467 = -k + 3*d. Is k composite?
False
Let t(g) = -8*g**2 - g - 1. Let y be t(2). Let x = 37 + y. Suppose 1597 = x*d + 95. Is d composite?
False
Suppose 0 = 4*i + 5*u - 1847 - 396, i = -u + 560. Let t = 774 - i. Is t prime?
False
Suppose 31*f - 644719 = 1031854. Is f prime?
True
Suppose -4366 = -10*a + 12894. Let z = -615 + a. Is z a prime number?
False
Let d = -376 - -701. Suppose 326*a - 1369 = d*a. Is a prime?
False
Suppose -5*a + t + 30919 = 0, 0*t = -3*t - 12. Suppose -3*q = 2*x - 18549, q + 3*x - a = -0*q. Is 2*(4 + -5) + q a composite number?
True
Let r = 83482 - 59505. Is r a composite number?
False
Is 116583 + 17 + 2 + 16 prime?
False
Let q(c) be the third derivative of 559*c**4/8 + 23*c**3/3 - 14*c**2. Is q(3) a prime number?
True
Suppose 2*b = -5*l - 9235, 3*b = b - 10. Let g(x) = -3*x**2 - 4*x - 3. Let o be g(-1). Is o*1/2 - (l + -3) prime?
True
Let j = -72299 - -147984. Is j a prime number?
False
Suppose 12 = 2*j + 5*b + 3, 4*b = -3*j + 3. Let f be 7 + -2 + 1 + j. Suppose 6*p + 3359 = 2*z + f*p, 5*p = -4*z + 6707. Is z a prime number?
False
Suppose 4*n = 2*p + 4, 0 = p + p. Let s(c) = 407*c**3 + c**2 + 2*c - 1. Is s(n) a prime number?
True
Let k(z) = z**3 - 3*z - 1. Let r be k(2). Let f(d) = 911*d + 3. Let j be f(r). Let m = j - 357. Is m a composite number?
False
Let h(u) = -u**2 - 7*u - 30. Let t be h(8). Let k = 104 - t. Is k a composite number?
True
Let w be 2338/70 + 4/(-10). Suppose u = -w*u + 73882. Is u composite?
True
Let t(h) = -8438*h + 249. Is t(-38) a prime number?
False
Is 19880 + ((-21)/(-3) - -2) a composite number?
False
Suppose -926058 = -43*s + s. Is s a prime number?
False
Let c(k) = -k**2 + 13*k + 104. Let j be c(18). Let t(d) be the third derivative of d**6/120 - d**5/6 - 7*d**4/8 + 7*d**3/6 + d**2. Is t(j) composite?
True
Let g(r) be the second derivative of -217*r**3/6 + 34*r**2 + 3*r + 28. Is g(-23) a prime number?
True
Let v(t) = -59*t**2 - 2*t + 2. Let a be v(-4). Let g be (-48)/(-216) - a/9. Let n = g - -267. Is n prime?
False
Let h(z) = -z**2 - 31*z + 70. Let n be h(-33). Let t(m) = 56*m**2 + 8*m + 1. Is t(n) a composite number?
False
Let w(b) = b**2 + 6*b + 7. Let s be w(-4). Is 1/(s + (-1052)/(-9462)*9) prime?
False
Suppose 5*f + 24*s - 309675 = 22*s, -4*s = 3*f - 185819. Is f a composite number?
False
Suppose 20*f = -24*f + 240450 + 262118. Is f prime?
False
Is (-34)/(-1)*-34070*(-56)/1120 a prime number?
False
Let n = 32889 - 13208. Is n a composite number?
False
Suppose -35*c = -17*c - 10380366. Is c a composite number?
True
Let u = -546932 + 1062771. Is u composite?
False
Let f = -38 + 33. Let d be -3 - (5 + f) - -13. Is 6726/d + 6/15 a prime number?
True
Suppose -3*a - 9 = 3*g, -2*a + 0*g = 5*g + 12. Let r(p) = 686*p. Let q be r(a). Let h = 1327 + q. Is h prime?
True
Let b = 77 - 77. Suppose b = -7*y + 2*y + 3*z + 9907, -4*z - 16 = 0. Is y composite?
False
Suppose 0 = -c + 6*g - 9*g + 104084, 520437 = 5*c - 2*g. Is c a prime number?
True
Suppose 32*k - 24025358 = -3889966. Is k a prime number?
False
Suppose 43*m + 3468150 - 43659003 = 0. Is m composite?
True
Is (-63)/(-6)*(-535216)/(-264) composite?
True
Let t(z) = -z**3 - 2*z**2 + 12*z + 29. Let n be t(-2). Is 12216132/765 - (4/n + -1) prime?
False
Let a(x) = -34*x + 2*x**2 + 45 + 64*x - 164. Is a(-48) a prime number?
True
Let u = 506 - 506. Suppose -11*p + 10461 + 10505 = u. Is p a prime number?
False
Let t = 44540 - 67225. Let i = t - -44956. Is i a prime number?
True
Suppose -2*k + 4540 = 3*k + 5*f, 3630 = 4*k + 2*f. Is k a composite number?
False
Let h be (2*295)/2*(8 - -3). Suppose 6*w - 187345 - h = 0. Suppose w = 7*s - 2*s. Is s prime?
True
Let z(i) = -5*i + 60. Let t be z(12). Suppose -31*c + 28*c + 1023 = t. Is c a composite number?
True
Let c be ((-198)/7)/6 - (-2)/(-7). Let s(k) = -k**3 - 6*k**2 - 4*k + 10. Let p be s(c). Suppose 2*b + p*o = -0*o + 126, -175 = -3*b - 4*o. Is b a prime number?
True
Let h(m) = 24*m**3 - 33*m**2 + 7*m + 87. Is h(17) a composite number?
True
Suppose -4*p - 4*i + 800252 = 0, -2*i = 362*p - 365*p + 600189. Is p composite?
False
Let l(o) be the third derivative of -87*o**5/10 + o**4/8 - o**3/3 - 14*o**2. Let b be l(1). Is b*(-3)/1 + 1*-2 prime?
False
Let d(i) = i**3 + 10*i**2 - 6*i - 51. Let v be d(-10). Let r(h) = 4*h**3 - 6*h**2 - 8*h + 41. Is r(v) a prime number?
True
Let x be ((-156)/72 - -2) + 38/12. Suppose -x*r + 6 = 0, -6*b + r + 540 = -4*b. Is b prime?
True
Let d be 51/(-6)*(-3 - -7). Let z(q) = 2*q**2 + 23*q + 41. Is z(d) prime?
True
Suppose 0 = 53*y - 28813 - 128915. Let s = 131 + y. Is s a composite number?
True
Let n = -338255 - -1119708. Is n composite?
False
Let z(x) = x**3 + 17*x**2 + 3*x + 86. Let w be z(-15). Let q = 1468 - w. Is q a composite number?
False
Let b(s) = 3 - 3 - 3 + 13 - 2*s. Let h be b(7). Is 12537/81 + h/(-18) composite?
True
Let h(c) = 4*c**3 - 13*c**2 + 22*c + 7. Let u(p) = -9*p**3 + 28*p**2 - 45*p - 15. Let n(d) = 7*h(d) + 3*u(d). Is n(17) prime?
True
Suppose 3*a - 80908 = -b, -a = -2*b + 177009 - 15172. Is b composite?
False
Is (30/(-50) + 1)*3070445/14 prime?
False
Suppose z - 4126 = 2*d, 6178 = -3*d - 5*z + z. Let s = d - -1260. Let k = -287 - s. Is k a composite number?
True
Is ((-34)/(-51))/(4054760/(-675795) + 6) a prime number?
True
Is 13/(-1768)*-2249048 + (-4)/34 composite?
True
Let g(r) = -r**2 - 8*r + 21 + 1 - 11. Let q be g(-9). Suppose -564 = -q*b - 2*b. Is b composite?
True
Suppose 4*s = -5*n + 442 - 67, -4*s = -3*n + 225. Suppose -2*y + 35341 = 5*w, -w = -n*y + 76*y - 7067. Is w composite?
False
Let z(a) = -6 - 10 + 23*a**2 + 12 - 12 + 2*a. Is z(9) composite?
True
Suppose 3*s = 9869*w - 9868*w + 2358925, -2*w = 8. Is s a composite number?
False
Suppose -29*k = -273930 - 471863. Is k a prime number?
True
Let l = 14459 - 8644. Suppose -12*u + l = -7*u. Is u composite?
False
Suppose -2*l - 3*n + 337 = 0, 3*l - 510 = 7*n - 10*n. Let i = 274 + l. Is i prime?
False
Let c(d) = d**3 - 2*d**2 + 2. Let i be c(2). Suppose -l + 6*l - 3853 = -i*o, 5*o - 20 = 0. Is l prime?
True
Let x(m) = -8*m**3 + 7*m**2 - 12*m - 1. Let f(h) = h**3 + 12*h**2 + 36*h - 6. Let v be f(-6). Is x(v) composite?
True
Let k(z) be the second derivative of -z**5/5 - 7*z**4/8 + 9*z**3/2 - 36*z. Let v(l) be the second derivative of k(l). Is v(-6) a prime number?
False
Suppose -37*j = j - 1077262. Is j a prime number?
True
Is (14 - -1 - 5 - -121)/(1/113) a prime number?
False
Let d(t) = 408 - 274 + t**2 + 7*t + t. Is d(0) a prime number?
False
Let i(d) = -32*d**3 + 96*d**2 - 6*d + 29. Is i(-18) a composite number?
True
Suppose -6*r - 8*x - 1576913 = -9*r, 0 = -3*r - 3*x + 1576836. Is r composite?
True
Let j be (12/(-24))/(2/((-328)/(-2))). Let r = j - -51. Suppose -3*h - 1253 = -r*h. Is h prime?
True
Let p(f) = f**2 + 13*f + 9. Let a be p(-13). Suppose a = 4*x - 3*u, -3*x = -5*x - 5*u + 37. Suppose -4 = 2*q, x*q - q + 684 = 2*s. Is s composite?
False
Suppose -2*h - 4*g + 238098 = 0, -h + 44502 = -5*g - 74505. Is h prime?
False
Let x(o) = 13672*o**3 - 6*o**2 + 3*o + 21. Is x(2) a prime number?
True
Let k = -111903 - -402640. Is k prime?
True
Is 26/3276*14*6981129 composite?
False
Let y = 10 - 26. Is (-2873 - 1)/(-2) + y/(-8) a prime number?
True
Is (567 + -13)/(8/4547) - (-3)/(-4) a composite number?
False
Let v be 16/(-12)*(6 - (-78)/(-8)). Suppose -k = v*q - 6932, 3*q + 0*q - 27711 = -4*k. Is k a prime number?
False
Suppose 3*d = -4 + 4. Suppose d = -20*o + 15*o + 830. Suppose 5*j - 5*h - 385 = 0, 0*j + o = 2*j + 4*h. Is j prime?
True
Let p be (2/(-7))/((-52)/439712). Suppose -9 = -2*t - t. Suppose l + 4831 = 5*v + 797, 0 = t*v - 5*l - p. Is v a composite number?
True
Suppose -7*h + 36 = 5*h. Let j be 30 + 5 + -1*h. Let q = j + 6. Is q a composite number?
True
Let o = -420481 + 937226. Is o a composite number?
True
Suppose -z - 12 = -8. Let t be (-3 - z) + 5 + -2 + 1. Suppose 2*n = 2*c - 1764 - 252, 5043 = t*c - 4*n. Is c composite?
True
Let a = -5 - -20. Suppose -a + 31 = -4*c, 3*p = -4*c + 4895. Is p prime?
True
Let o(i) = 158*i**3 - 6*i**2 + 14*i + 13. Is o(6) a prime number?
False
Let t = 707 + -489. Suppose 0*l - l = 2*m + 52, -t = 5*l - 4*m. 